ed by 1129?
31
Calculate the remainder when 5507 is divided by 5426.
81
What is the remainder when 1761 is divided by 885?
876
What is the remainder when 960606 is divided by 763?
752
Calculate the remainder when 17567 is divided by 74.
29
What is the remainder when 306925 is divided by 65?
60
What is the remainder when 2713 is divided by 65?
48
What is the remainder when 2298 is divided by 1782?
516
Calculate the remainder when 12644 is divided by 842.
14
What is the remainder when 39525 is divided by 13048?
381
Calculate the remainder when 1057 is divided by 1057.
0
What is the remainder when 589736 is divided by 866?
856
What is the remainder when 17403 is divided by 103?
99
What is the remainder when 1128 is divided by 251?
124
Calculate the remainder when 15726 is divided by 171.
165
Calculate the remainder when 19995 is divided by 473.
129
What is the remainder when 44677 is divided by 3436?
9
Calculate the remainder when 96120 is divided by 858.
24
What is the remainder when 15343 is divided by 7503?
337
Calculate the remainder when 92175 is divided by 7090.
5
What is the remainder when 1861075 is divided by 13?
8
What is the remainder when 28928 is divided by 18?
2
What is the remainder when 11286 is divided by 68?
66
Calculate the remainder when 165404 is divided by 389.
79
Calculate the remainder when 13273 is divided by 19.
11
What is the remainder when 8838 is divided by 1760?
38
Calculate the remainder when 6998 is divided by 1696.
214
What is the remainder when 390 is divided by 361?
29
Calculate the remainder when 951914 is divided by 2808.
2
What is the remainder when 6761 is divided by 2130?
371
Calculate the remainder when 2276 is divided by 89.
51
Calculate the remainder when 56917 is divided by 38.
31
Calculate the remainder when 3002 is divided by 515.
427
What is the remainder when 12414 is divided by 128?
126
Calculate the remainder when 3594 is divided by 315.
129
What is the remainder when 6244 is divided by 155?
44
Calculate the remainder when 3895 is divided by 1259.
118
Calculate the remainder when 3360 is divided by 36.
12
Calculate the remainder when 4147 is divided by 377.
0
Calculate the remainder when 78023 is divided by 198.
11
Calculate the remainder when 1176 is divided by 1159.
17
What is the remainder when 1601 is divided by 613?
375
Calculate the remainder when 133718 is divided by 72.
14
What is the remainder when 21745 is divided by 224?
17
What is the remainder when 186152 is divided by 18?
14
What is the remainder when 20295 is divided by 169?
15
What is the remainder when 4092 is divided by 23?
21
Calculate the remainder when 1643548 is divided by 8.
4
Calculate the remainder when 35290 is divided by 25.
15
What is the remainder when 9787 is divided by 48?
43
Calculate the remainder when 8325 is divided by 46.
45
Calculate the remainder when 214677 is divided by 15.
12
What is the remainder when 89738 is divided by 22434?
2
Calculate the remainder when 6249 is divided by 134.
85
What is the remainder when 18494 is divided by 64?
62
Calculate the remainder when 4629 is divided by 280.
149
What is the remainder when 205091 is divided by 36?
35
Calculate the remainder when 104208 is divided by 56.
48
Calculate the remainder when 3932 is divided by 302.
6
What is the remainder when 30127 is divided by 14996?
135
What is the remainder when 5046 is divided by 254?
220
What is the remainder when 105041 is divided by 73?
67
What is the remainder when 212742 is divided by 5?
2
What is the remainder when 17640 is divided by 401?
397
Calculate the remainder when 1675 is divided by 170.
145
What is the remainder when 1813 is divided by 18?
13
Calculate the remainder when 227143 is divided by 5977.
17
Calculate the remainder when 24976 is divided by 8318.
22
What is the remainder when 10190 is divided by 144?
110
What is the remainder when 93526 is divided by 350?
76
Calculate the remainder when 9589 is divided by 3128.
205
Calculate the remainder when 40965 is divided by 6825.
15
What is the remainder when 9395 is divided by 276?
11
What is the remainder when 21267 is divided by 65?
12
Calculate the remainder when 2724 is divided by 300.
24
Calculate the remainder when 170654 is divided by 56865.
59
What is the remainder when 13037 is divided by 525?
437
Calculate the remainder when 11469 is divided by 73.
8
What is the remainder when 3803 is divided by 368?
123
What is the remainder when 3032 is divided by 864?
440
What is the remainder when 11830 is divided by 102?
100
Calculate the remainder when 14768 is divided by 703.
5
What is the remainder when 516197 is divided by 178?
175
What is the remainder when 130956 is divided by 67?
38
Calculate the remainder when 15334 is divided by 5064.
142
Calculate the remainder when 11141 is divided by 143.
130
Calculate the remainder when 1175947 is divided by 29.
26
Calculate the remainder when 592686 is divided by 19756.
6
What is the remainder when 92451 is divided by 254?
249
Calculate the remainder when 410502 is divided by 527.
496
Calculate the remainder when 35805 is divided by 10.
5
Calculate the remainder when 5360 is divided by 2614.
132
What is the remainder when 10378 is divided by 1003?
348
Calculate the remainder when 934 is divided by 204.
118
Calculate the remainder when 1382 is divided by 84.
38
Calculate the remainder when 899154 is divided by 329.
326
What is the remainder when 3954887 is divided by 63?
62
Calculate the remainder when 798189 is divided by 11.
7
Calculate the remainder when 1375 is divided by 419.
118
What is the remainder when 24225 is divided by 8072?
9
Calculate the remainder when 7652 is divided by 637.
8
Calculate the remainder when 141915 is divided by 114.
99
Calculate the remainder when 169287 is divided by 99.
96
What is the remainder when 800572 is divided by 87?
85
What is the remainder when 8970 is divided by 88?
82
Calculate the remainder when 57119 is divided by 140.
139
What is the remainder when 209976 is divided by 77?
74
Calculate the remainder when 24326 is divided by 333.
17
Calculate the remainder when 2834 is divided by 77.
62
What is the remainder when 813562 is divided by 124?
122
What is the remainder when 13147284 is divided by 53?
51
Calculate the remainder when 12805 is divided by 243.
169
What is the remainder when 99691 is divided by 209?
207
Calculate the remainder when 132242 is divided by 282.
266
What is the remainder when 4803 is divided by 371?
351
Calculate the remainder when 1286 is divided by 362.
200
What is the remainder when 170186 is divided by 128?
74
What is the remainder when 96614 is divided by 198?
188
What is the remainder when 3608 is divided by 601?
2
Calculate the remainder when 367191 is divided by 284.
263
Calculate the remainder when 92388 is divided by 27.
21
Calculate the remainder when 17282 is divided by 322.
216
Calculate the remainder when 1712 is divided by 162.
92
Calculate the remainder when 440 is divided by 143.
11
What is the remainder when 5362 is divided by 18?
16
What is the remainder when 5755 is divided by 18?
13
Calculate the remainder when 12496 is divided by 735.
1
Calculate the remainder when 13740 is divided by 4568.
36
What is the remainder when 4422 is divided by 657?
480
What is the remainder when 1742 is divided by 497?
251
What is the remainder when 173091 is divided by 57697?
0
Calculate the remainder when 5289865 is divided by 297.
295
Calculate the remainder when 454351 is divided by 1847.
1836
Calculate the remainder when 7590 is divided by 325.
115
Calculate the remainder when 163669 is divided by 89.
87
Calculate the remainder when 32373 is divided by 139.
125
What is the remainder when 3629 is divided by 457?
430
Calculate the remainder when 203597 is divided by 101780.
37
What is the remainder when 4068 is divided by 121?
75
Calculate the remainder when 3284 is divided by 19.
16
What is the remainder when 86799 is divided by 18?
3
What is the remainder when 296054 is divided by 74013?
2
Calculate the remainder when 160780 is divided by 5741.
32
Calculate the remainder when 6240 is divided by 405.
165
Calculate the remainder when 199 is divided by 26.
17
Calculate the remainder when 16935 is divided by 264.
39
What is the remainder when 23068 i